late the remainder when 2296221 is divided by 153.
150
What is the remainder when 56187 is divided by 87?
72
Calculate the remainder when 367 is divided by 349.
18
Calculate the remainder when 15274 is divided by 3764.
218
Calculate the remainder when 3730 is divided by 349.
240
Calculate the remainder when 185326 is divided by 39.
37
Calculate the remainder when 90287 is divided by 44.
43
Calculate the remainder when 10911 is divided by 2180.
11
What is the remainder when 27031 is divided by 152?
127
What is the remainder when 47854 is divided by 5314?
28
Calculate the remainder when 66906 is divided by 33446.
14
Calculate the remainder when 402 is divided by 47.
26
Calculate the remainder when 5268 is divided by 119.
32
Calculate the remainder when 94590 is divided by 15.
0
What is the remainder when 757660 is divided by 113?
108
What is the remainder when 42135 is divided by 436?
279
What is the remainder when 103034 is divided by 1746?
20
Calculate the remainder when 4177 is divided by 2269.
1908
Calculate the remainder when 629 is divided by 106.
99
Calculate the remainder when 257137 is divided by 559.
556
Calculate the remainder when 66113 is divided by 33045.
23
What is the remainder when 1492 is divided by 569?
354
Calculate the remainder when 373979 is divided by 138.
137
What is the remainder when 56611 is divided by 56588?
23
What is the remainder when 628 is divided by 209?
1
Calculate the remainder when 2304 is divided by 190.
24
Calculate the remainder when 2294 is divided by 2271.
23
What is the remainder when 57569 is divided by 264?
17
What is the remainder when 64930 is divided by 8103?
106
Calculate the remainder when 255272 is divided by 12.
8
What is the remainder when 2511 is divided by 156?
15
What is the remainder when 17915 is divided by 1264?
219
What is the remainder when 2105 is divided by 361?
300
What is the remainder when 39265 is divided by 354?
325
Calculate the remainder when 499841 is divided by 556.
553
What is the remainder when 491330 is divided by 45?
20
What is the remainder when 53180 is divided by 11?
6
What is the remainder when 318 is divided by 78?
6
What is the remainder when 417 is divided by 387?
30
Calculate the remainder when 17236 is divided by 10.
6
Calculate the remainder when 51918 is divided by 26.
22
What is the remainder when 1053672 is divided by 105367?
2
Calculate the remainder when 25550 is divided by 135.
35
What is the remainder when 2626126 is divided by 6?
4
What is the remainder when 1894 is divided by 130?
74
Calculate the remainder when 4607 is divided by 83.
42
Calculate the remainder when 1047401 is divided by 15.
11
What is the remainder when 21130 is divided by 870?
250
What is the remainder when 182685 is divided by 96?
93
Calculate the remainder when 1562 is divided by 314.
306
Calculate the remainder when 140853 is divided by 70404.
45
Calculate the remainder when 11090 is divided by 52.
14
What is the remainder when 22691 is divided by 22690?
1
Calculate the remainder when 972 is divided by 192.
12
Calculate the remainder when 12848 is divided by 126.
122
Calculate the remainder when 2716555 is divided by 180.
175
What is the remainder when 51404 is divided by 448?
332
Calculate the remainder when 845753 is divided by 13.
12
What is the remainder when 4961 is divided by 536?
137
What is the remainder when 47107 is divided by 77?
60
Calculate the remainder when 211268 is divided by 146.
6
What is the remainder when 3803039 is divided by 76?
75
What is the remainder when 25433 is divided by 61?
57
Calculate the remainder when 17565 is divided by 8746.
73
Calculate the remainder when 202746 is divided by 38.
16
What is the remainder when 62369 is divided by 107?
95
What is the remainder when 1422380 is divided by 44?
36
What is the remainder when 636 is divided by 346?
290
What is the remainder when 27154 is divided by 140?
134
Calculate the remainder when 1622409 is divided by 9.
6
Calculate the remainder when 83686 is divided by 5566.
196
Calculate the remainder when 23526 is divided by 3918.
18
What is the remainder when 110755 is divided by 462?
337
What is the remainder when 15366 is divided by 4992?
390
What is the remainder when 1497 is divided by 130?
67
What is the remainder when 27510 is divided by 57?
36
What is the remainder when 2389 is divided by 628?
505
Calculate the remainder when 28931 is divided by 17.
14
Calculate the remainder when 28876 is divided by 1255.
11
Calculate the remainder when 82815 is divided by 434.
355
Calculate the remainder when 601424 is divided by 7.
5
Calculate the remainder when 1091397 is divided by 1091385.
12
What is the remainder when 461339 is divided by 66?
65
What is the remainder when 10076836 is divided by 37?
34
Calculate the remainder when 1845 is divided by 165.
30
What is the remainder when 2743 is divided by 110?
103
What is the remainder when 23924 is divided by 694?
328
What is the remainder when 327633 is divided by 88?
9
What is the remainder when 14066 is divided by 1570?
1506
What is the remainder when 564411 is divided by 596?
595
What is the remainder when 2677 is divided by 21?
10
What is the remainder when 12257 is divided by 511?
504
What is the remainder when 107940 is divided by 1350?
1290
Calculate the remainder when 138219 is divided by 212.
207
Calculate the remainder when 92256 is divided by 59.
39
Calculate the remainder when 53701 is divided by 17900.
1
What is the remainder when 2995 is divided by 372?
19
Calculate the remainder when 4585 is divided by 581.
518
What is the remainder when 47703 is divided by 23?
1
Calculate the remainder when 2640 is divided by 114.
18
Calculate the remainder when 49093 is divided by 50.
43
What is the remainder when 3907 is divided by 3461?
446
Calculate the remainder when 3375 is divided by 1052.
219
Calculate the remainder when 19303 is divided by 9.
7
What is the remainder when 140339 is divided by 46?
39
What is the remainder when 18914 is divided by 16?
2
Calculate the remainder when 3182 is divided by 43.
0
Calculate the remainder when 4145 is divided by 67.
58
Calculate the remainder when 1350199 is divided by 199.
183
Calculate the remainder when 143992 is divided by 398.
314
Calculate the remainder when 12314 is divided by 28.
22
Calculate the remainder when 37263 is divided by 18626.
11
Calculate the remainder when 2073 is divided by 259.
1
What is the remainder when 476 is divided by 261?
215
What is the remainder when 6252 is divided by 1018?
144
What is the remainder when 4068 is divided by 388?
188
What is the remainder when 742 is divided by 416?
326
What is the remainder when 211329 is divided by 992?
33
Calculate the remainder when 3170 is divided by 1052.
14
What is the remainder when 1336 is divided by 168?
160
What is the remainder when 397 is divided by 212?
185
Calculate the remainder when 771256 is divided by 1423.
1413
Calculate the remainder when 37783 is divided by 771.
4
Calculate the remainder when 22365 is divided by 532.
21
Calculate the remainder when 198309 is divided by 7.
6
Calculate the remainder when 9930 is divided by 67.
14
Calculate the remainder when 109899 is divided by 111.
9
What is the remainder when 838046 is divided by 370?
366
Calculate the remainder when 14896 is divided by 317.
314
What is the remainder when 706 is divided by 694?
12
Calculate the remainder when 59 is divided by 45.
14
What is the remainder when 3120 is divided by 162?
42
Calculate the remainder when 51769 is divided by 8613.
91
What is the remainder when 5280617 is divided by 826?
825
Calculate the remainder when 6724 is divided by 479.
18
Calculate the remainder when 924 is divided by 229.
8
Calculate the remainder when 201744 is divided by 100862.
20
Calculate the remainder when 324769 is divided by 28.
25
Calculate the remainder when 8028 is divided by 1005.
993
Calculate the remainder when 12779 is divided by 457.
440
Calculate the remainder when 445477 is divided by 28.
25
What is the remainder when 10238465 is divided by 951?
950
What is the remainder when 2443 is divided by 1196?
51
Calculate the remainder when 39304 is divided by 20.
4
Calculate the remainder when 33644 is divided by 1529.
6
What is the remainder when 4744 is divided 